s 1150c - 1014?
104d8
In base 6, what is 1410242314 - 14?
1410242300
In base 12, what is -5 - -60a715a?
60a7155
In base 16, what is -103488 - 2c8?
-103750
In base 6, what is -40555543 - 4?
-40555551
In base 2, what is -111010101110110000010 + 100?
-111010101110101111110
In base 9, what is -20638 + 36152?
15413
In base 5, what is 1 + 4111341341?
4111341342
In base 4, what is -1 - -23221200330031?
23221200330030
In base 4, what is -13030232131 + -3030?
-13030301221
In base 6, what is -242155 + 5?
-242150
In base 12, what is 370 - -23086?
23436
In base 11, what is -89110 + 3367?
-85854
In base 16, what is -23d - 8a70?
-8cad
In base 13, what is 3 - -7c44cb2?
7c44cb5
In base 2, what is 10000111111 + -111011010110110000?
-111011000101110001
In base 12, what is 24 + 1b14a7a?
1b14aa2
In base 4, what is -2 + -1031212212312?
-1031212212320
In base 12, what is a9157 - 323?
a8a34
In base 2, what is -1001100101111110010010 + 0?
-1001100101111110010010
In base 8, what is 21647 - 650?
20777
In base 15, what is 9b50c - 2ea?
9b212
In base 3, what is 2 - 121020102021011?
-121020102021002
In base 2, what is 1110110101101100001 - 11111?
1110110101101000010
In base 14, what is 30d14 + 19?
30d2d
In base 4, what is -1201022 - 211001?
-2012023
In base 5, what is -140034021412 + -1?
-140034021413
In base 7, what is 0 - -40612?
40612
In base 16, what is -b - 465b80?
-465b8b
In base 3, what is -101120010 - -20?
-101112220
In base 14, what is -1d8d - -3068c?
2c6dd
In base 9, what is -220846 + -473?
-221430
In base 16, what is 1e + -30d08de?
-30d08c0
In base 7, what is -242111231 + 1?
-242111230
In base 16, what is 9a17dfd + -2?
9a17dfb
In base 15, what is -77b + 498c?
4211
In base 16, what is 3 + -116325?
-116322
In base 3, what is 12 - 22102022210220?
-22102022210201
In base 13, what is -422732 - -5?
-42272a
In base 2, what is -11110011011011110 - 1011?
-11110011011101001
In base 6, what is -1 + 211140450?
211140445
In base 15, what is -3d - -125db?
1259d
In base 7, what is 13 - -51145?
51161
In base 2, what is 1011001100010000000 - -11011?
1011001100010011011
In base 5, what is 4234 + -12001332?
-11442043
In base 13, what is 21a9 - -1a768?
1c944
In base 14, what is -391 + 1191a1?
118c10
In base 12, what is -35 - -1a65488?
1a65453
In base 10, what is -18 - -1248231?
1248213
In base 8, what is 127410 - -57?
127467
In base 6, what is -40 - 22525522?
-22530002
In base 6, what is -531242043 - 2?
-531242045
In base 7, what is -1 + 121166065?
121166064
In base 3, what is -12 - 112100210102110?
-112100210102122
In base 2, what is 1001000 - -11001010010100000?
11001010011101000
In base 5, what is -24 + 2331220033?
2331220004
In base 13, what is -2b + 3869b8?
38698a
In base 9, what is 3121 + -161415?
-157284
In base 10, what is -1 - 1608508?
-1608509
In base 8, what is 250165004 + 2?
250165006
In base 5, what is 2 + 33100301410?
33100301412
In base 7, what is -3 - 35346113?
-35346116
In base 16, what is -4c9 - 1036b?
-10834
In base 9, what is 71622324 - -12?
71622336
In base 2, what is -1110111011 - -1000111101111101100?
1000111100000110001
In base 6, what is 2 + -5452042232?
-5452042230
In base 16, what is -f609ec + 2d?
-f609bf
In base 12, what is -808032 - 5?
-808037
In base 16, what is -10f50b3 + 0?
-10f50b3
In base 10, what is -8484924 - 2?
-8484926
In base 14, what is -5c17 - -6120?
307
In base 13, what is -17bb + -5976?
-7464
In base 2, what is -1010010001 + -101101111110111010?
-101110001001001011
In base 4, what is 13120 - 1232022?
-1212302
In base 7, what is -42166456 - 2?
-42166461
In base 15, what is 3 - 4ad067?
-4ad064
In base 3, what is 2111001 - 1212222022?
-1210111021
In base 14, what is -6 - -1b1997?
1b1991
In base 11, what is 17a18 + -a303?
8715
In base 11, what is -2a - 106470?
-10649a
In base 6, what is -505013 - 23?
-505040
In base 13, what is a9408054 + 4?
a9408058
In base 14, what is -8b8c7 + 11?
-8b8b6
In base 16, what is 6 + -9c60e6?
-9c60e0
In base 12, what is 4 + 553a19b?
553a1a3
In base 5, what is -342113412202 + -2?
-342113412204
In base 9, what is -242834 - 17?
-242852
In base 5, what is 44202012 + -1111?
44200401
In base 6, what is -52 - -445034203?
445034111
In base 4, what is -11 + -310221310121?
-310221310132
In base 10, what is -3 - -1652153?
1652150
In base 5, what is 3041030403 + 0?
3041030403
In base 3, what is -12012002000002 + -21?
-12012002000100
In base 14, what is d998b - 22c?
d975d
In base 8, what is 6756 - 11772?
-3014
In base 3, what is 1101102222000 + 2011?
1101110001011
In base 11, what is 0 + -1547498?
-1547498
In base 3, what is -10010222220122 + -20?
-10010222220212
In base 2, what is 111110111 + -11010111111011011?
-11010110111100100
In base 13, what is 8 + bc029a?
bc02a5
In base 14, what is -5d3c8864 - -3?
-5d3c8861
In base 3, what is -10022000 - -122000111?
111201111
In base 14, what is -740a59 - a?
-740a65
In base 8, what is -366626020 - -3?
-366626015
In base 6, what is 1 + 542053404?
542053405
In base 14, what is 2977808 - -1?
2977809
In base 8, what is -2267237 + -157?
-2267416
In base 16, what is -3f211d - -1?
-3f211c
In base 11, what is 1825 + 13a7?
3121
In base 4, what is 1 + -2233210232?
-2233210231
In base 12, what is -2136a15 - 33?
-2136a48
In base 13, what is 3b - -8c835?
8c873
In base 13, what is -5 - -2944148b?
29441486
In base 3, what is 2002111221 - -20222222?
2100111220
In base 5, what is -414323341 - -10?
-414323331
In base 13, what is -25b72 + -1669?
-2750b
In base 13, what is -11086ab + 4?
-11086a7
In base 8, what is 2056016 - -25?
2056043
In base 3, what is -1001011112 + -22100210?
-1100112022
In base 5, what is 123 + -20233012?
-20232334
In base 13, what is 5a - 2b75a2?
-2b7545
In base 5, what is 102 + -142033401?
-142033244
In base 4, what is -2000130101323 - -10?
-2000130101313
In base 5, what is -32012 + -1233230?
-1320242
In base 11, what is a7183 - 52?
a7131
In base 9, what is -185026 - -58?
-184857
In base 8, what is -667 + 121707?
121020
In base 7, what is -655326431 + 1?
-655326430
In base 9, what is -3 - -21576150?
21576146
In base 8, what is -2 + 52500456?
52500454
In base 9, what is 3 + -14703202?
-14703188
In base 15, what is 1c242 - -9?
1c24b
In base 7, what is -1 + -63345325?
-63345326
In base 9, what is -78 - -82376?
82287
In base 14, what is -2c - 921887?
-9218b5
In base 16, what is 2f9 + -a44?
-74b
In base 3, what is 202 - -2212102012020110?
2212102012021012
In base 5, what is -120110 + -314232?
-434342
In base 14, what is -49650ac + 0?
-49650ac
In base 14, what is -6 - 2b9dba1?
-2b9dba7
In base 12, what is -38603a8 - -a?
-386039a
In base 3, what is 20 + 200200122001?
200200122021
In base 9, what is 5 - 15888621?
-15888615
In base 16, what is -58ef7 + 19f?
-58d58
In base 15, what is -12d + 5240?
5112
In base 4, what is 1112220222010 - -11?
1112220222021
In base 14, what is -41 + 5abdc?
5ab9b
In base 4, what is -32221 + -211301?
-310122
In base 5, what is 103003424 + -4?
103003420
In base 6, what is -1 + -2242143421?
-2242143422
In base 12, what is -5926315 - 0?
-5926315
In base 13, what is -4444 - 32?
-4476
In base 14, what is 63080 - -108?
63188
In base 4, what is -10 + -110331021123?
-110331021133
In base 11, what is 5a11 + 752?
6663
In base 10, what is 7 + 165226756?
165226763
In base 9, what is -2206 + -13434?
-15641
In base 10, what is 0 - 882407?
-882407
In base 16, what is -1 + -10123b?
-10123c
In base 13, what is 66 - -19c0920?
19c0986
In base 6, what is 43542 + -23334?
20204
In base 11, what is -10853a663 - -5?
-10853a659
In base 16, what is 5d02 + -235?
5acd
In base 12, what is -39a1 + -32002?
-359a3
In base 8, what is 6500713 - 2?
6500711
In base 16, what is -26 + 6923e6?
6923c0
In base 3, what is -110101122 - -1111002022?
1000200200
In base 7, what is 2 - -202054141?
202054143
In base 11, what is 0 + 2924948?
2924948
In base 12, what is -10939 + -15213?
-25b50
In base 14, what is -88 + -4943d?
-494c7
In base 4, what is -11 - 12011123032011?
-12011123032022
In base 12, what is 734 - -14381?
14ab5
In base 4, what is 30 + -32032211?
-32032121
In base 10, what is 2560 + -13255?
-10695
In base 13, what is -116 - 2a281?
-2a397
In base 9, what is -2 - 48625450?
-48625452
In base 9, what is 10503 + 7060?
17563
In base 14, what is -19c - -2841?
2683
In base 2, what is -11101111000 